ulate the remainder when 22970 is divided by 52.
38
What is the remainder when 41913 is divided by 37?
29
What is the remainder when 20730 is divided by 56?
10
Calculate the remainder when 96811 is divided by 31.
29
Calculate the remainder when 1115235 is divided by 140.
135
What is the remainder when 877 is divided by 12?
1
What is the remainder when 198045 is divided by 118?
41
Calculate the remainder when 22457 is divided by 304.
265
Calculate the remainder when 884 is divided by 58.
14
Calculate the remainder when 10492 is divided by 89.
79
What is the remainder when 2914 is divided by 545?
189
What is the remainder when 153158 is divided by 201?
197
Calculate the remainder when 39199 is divided by 232.
223
Calculate the remainder when 1683 is divided by 420.
3
Calculate the remainder when 383150 is divided by 1003.
4
Calculate the remainder when 31549 is divided by 157.
149
What is the remainder when 4737 is divided by 1543?
108
Calculate the remainder when 6177 is divided by 192.
33
What is the remainder when 83931 is divided by 7?
1
Calculate the remainder when 211602 is divided by 5.
2
What is the remainder when 3381 is divided by 483?
0
Calculate the remainder when 5855 is divided by 31.
27
Calculate the remainder when 974005 is divided by 324666.
7
Calculate the remainder when 775 is divided by 16.
7
Calculate the remainder when 124709 is divided by 1372.
1229
What is the remainder when 63196 is divided by 958?
926
Calculate the remainder when 1697519 is divided by 120.
119
What is the remainder when 4486 is divided by 16?
6
What is the remainder when 474 is divided by 64?
26
What is the remainder when 8008 is divided by 281?
140
What is the remainder when 4390 is divided by 2115?
160
Calculate the remainder when 51601 is divided by 62.
17
Calculate the remainder when 29701 is divided by 762.
745
What is the remainder when 9687 is divided by 369?
93
What is the remainder when 4896 is divided by 351?
333
What is the remainder when 60114 is divided by 531?
111
Calculate the remainder when 29 is divided by 25.
4
Calculate the remainder when 2551 is divided by 523.
459
What is the remainder when 6094 is divided by 28?
18
What is the remainder when 29757 is divided by 49?
14
What is the remainder when 8178 is divided by 88?
82
Calculate the remainder when 1983 is divided by 103.
26
Calculate the remainder when 11428 is divided by 5690.
48
What is the remainder when 18304 is divided by 555?
544
Calculate the remainder when 160387 is divided by 482.
363
Calculate the remainder when 21939 is divided by 5094.
1563
What is the remainder when 474598 is divided by 565?
563
Calculate the remainder when 19580 is divided by 192.
188
Calculate the remainder when 1796 is divided by 817.
162
What is the remainder when 6691 is divided by 31?
26
Calculate the remainder when 66828 is divided by 57.
24
What is the remainder when 20762 is divided by 163?
61
Calculate the remainder when 5836 is divided by 154.
138
Calculate the remainder when 6437 is divided by 404.
377
What is the remainder when 12075 is divided by 1339?
24
Calculate the remainder when 79460 is divided by 26476.
32
Calculate the remainder when 13500 is divided by 484.
432
What is the remainder when 59190 is divided by 225?
15
Calculate the remainder when 26962 is divided by 818.
786
Calculate the remainder when 13997 is divided by 61.
28
Calculate the remainder when 18483 is divided by 18474.
9
What is the remainder when 72770 is divided by 24254?
8
What is the remainder when 6653 is divided by 318?
293
What is the remainder when 10849 is divided by 457?
338
Calculate the remainder when 586 is divided by 330.
256
What is the remainder when 28849 is divided by 820?
149
What is the remainder when 216679 is divided by 154?
1
Calculate the remainder when 72495 is divided by 25.
20
What is the remainder when 995 is divided by 123?
11
What is the remainder when 1595 is divided by 763?
69
What is the remainder when 19258 is divided by 1728?
250
What is the remainder when 99404 is divided by 485?
464
What is the remainder when 14003 is divided by 13?
2
Calculate the remainder when 104462 is divided by 219.
218
What is the remainder when 37002 is divided by 1027?
30
What is the remainder when 18023 is divided by 321?
47
Calculate the remainder when 4175 is divided by 1191.
602
Calculate the remainder when 2161 is divided by 61.
26
What is the remainder when 104408 is divided by 370?
68
What is the remainder when 36813 is divided by 449?
444
Calculate the remainder when 210625 is divided by 1239.
1234
Calculate the remainder when 19998 is divided by 222.
18
Calculate the remainder when 5175 is divided by 1141.
611
What is the remainder when 37511 is divided by 226?
221
What is the remainder when 137408 is divided by 5089?
5
What is the remainder when 7331 is divided by 14?
9
What is the remainder when 291 is divided by 217?
74
What is the remainder when 24521 is divided by 12106?
309
What is the remainder when 40533 is divided by 179?
79
What is the remainder when 77789 is divided by 38890?
9
Calculate the remainder when 147143 is divided by 99.
29
What is the remainder when 21764 is divided by 773?
120
What is the remainder when 264908 is divided by 48?
44
Calculate the remainder when 1728 is divided by 327.
93
What is the remainder when 14436 is divided by 76?
72
What is the remainder when 234 is divided by 68?
30
What is the remainder when 259 is divided by 88?
83
What is the remainder when 3600 is divided by 17?
13
Calculate the remainder when 2208188 is divided by 651.
647
What is the remainder when 38091 is divided by 826?
95
What is the remainder when 527703 is divided by 30?
3
What is the remainder when 202362 is divided by 6?
0
What is the remainder when 1876 is divided by 578?
142
What is the remainder when 2451626 is divided by 218?
216
Calculate the remainder when 5108 is divided by 155.
148
What is the remainder when 294695 is divided by 58939?
0
Calculate the remainder when 11608 is divided by 11506.
102
What is the remainder when 1663 is divided by 158?
83
Calculate the remainder when 814 is divided by 767.
47
Calculate the remainder when 12059 is divided by 454.
255
What is the remainder when 1669012 is divided by 238430?
2
Calculate the remainder when 5200 is divided by 201.
175
What is the remainder when 2167 is divided by 376?
287
What is the remainder when 23716 is divided by 117?
82
What is the remainder when 916 is divided by 90?
16
What is the remainder when 21197 is divided by 10586?
25
Calculate the remainder when 159863 is divided by 473.
462
What is the remainder when 12319 is divided by 18?
7
Calculate the remainder when 1626 is divided by 1608.
18
Calculate the remainder when 308042 is divided by 154014.
14
What is the remainder when 21672 is divided by 535?
272
What is the remainder when 109988 is divided by 5237?
11
Calculate the remainder when 3425 is divided by 1960.
1465
Calculate the remainder when 1164257 is divided by 115.
112
What is the remainder when 38454 is divided by 19037?
380
What is the remainder when 4004 is divided by 683?
589
What is the remainder when 22812 is divided by 233?
211
What is the remainder when 4999 is divided by 2034?
931
Calculate the remainder when 7842 is divided by 225.
192
Calculate the remainder when 412753 is divided by 7.
5
What is the remainder when 18806 is divided by 5?
1
What is the remainder when 22313 is divided by 286?
5
What is the remainder when 7394 is divided by 60?
14
Calculate the remainder when 493307 is divided by 8361.
8
Calculate the remainder when 639589 is divided by 564.
13
Calculate the remainder when 80276 is divided by 20047.
88
Calculate the remainder when 596957 is divided by 32.
29
What is the remainder when 3011 is divided by 742?
43
Calculate the remainder when 1361 is divided by 117.
74
Calculate the remainder when 166 is divided by 20.
6
Calculate the remainder when 11423 is divided by 3794.
41
What is the remainder when 145634 is divided by 55?
49
What is the remainder when 1403 is divided by 1187?
216
Calculate the remainder when 4662 is divided by 1029.
546
Calculate the remainder when 127386 is divided by 533.
532
What is the remainder when 22134 is divided by 22134?
0
What is the remainder 